{"id":3,"date":"2023-06-11T12:24:13","date_gmt":"2023-06-11T12:24:13","guid":{"rendered":"https:\/\/nadnew.tierarzt-taeuffelen.ch\/?page_id=3"},"modified":"2023-09-30T16:42:10","modified_gmt":"2023-09-30T14:42:10","slug":"privacy-policy","status":"publish","type":"page","link":"https:\/\/seeland-vet.ch\/?page_id=3","title":{"rendered":"Datenschutzerkl\u00e4rung"},"content":{"rendered":"\n<h4 class=\"wp-block-heading\">Inhaltsverantwortung<\/h4>\n\n\n\n<p>Die Inhaltsverantwortung f\u00fcr die Erhebung, Verarbeitung und Nutzung Deiner personenbezogenen Daten auf der Website von \u201etierarzt-taeuffelen.ch\u201c liegt bei:<\/p>\n\n\n\n<p>Tierarztparxis T\u00e4uffelen<br>Burrirain 25<br>2575 T\u00e4uffelen<\/p>\n\n\n\n<p>E-Mail:&nbsp;info[an]tierarzt-taeuffelen.ch<\/p>\n\n\n\n<p>Tel.: <a href=\"tel:+41323961150\">+41 32 396 11 50<\/a><\/p>\n\n\n\n<p>Sofern Du der Erhebung, Verarbeitung oder Nutzung Deiner Daten durch uns nach Massgabe dieser Datenschutzbestimmungen insgesamt oder f\u00fcr einzelne Massnahmen widersprechen willst, kannst Du Deinen Widerspruch an den Verantwortlichen richten.<\/p>\n\n\n\n<h4 class=\"wp-block-heading\">Allgemeine Zwecke zur Verarbeitung von Daten<\/h4>\n\n\n\n<p>Gest\u00fctzt auf Artikel 13 der schweizerischen Bundesverfassung und die datenschutzrechtlichen Bestimmungen des Bundes (Datenschutzgesetz, DSG) hat jede Person Anspruch auf Schutz ihrer Privatsph\u00e4re sowie auf Schutz vor Missbrauch ihrer pers\u00f6nlichen Daten. Wir halten diese Bestimmungen ein. Pers\u00f6nliche Daten werden streng vertraulich behandelt und weder an Dritte verkauft noch weiter gegeben.<\/p>\n\n\n\n<p>In enger Zusammenarbeit mit unserem Hosting-Provider bem\u00fchen wir uns, die Datenbanken so gut wie m\u00f6glich vor fremden Zugriffen, Verlusten, Missbrauch oder vor F\u00e4lschung zu sch\u00fctzen.<\/p>\n\n\n\n<p>Beim Zugriff auf unsere Webseiten werden folgende Daten die dein Browser \u00fcbermittelt in Logfiles auf dem Server des Hosters gespeichert:<\/p>\n\n\n\n<ul class=\"wp-block-list\">\n<li>Datum &amp; Uhrzeit der Serveranfrage<\/li>\n\n\n\n<li>Browsertyp &amp; -version<\/li>\n\n\n\n<li>verwendetes Betriebssystem<\/li>\n\n\n\n<li>Verweis-URL (die zuvor besuchte Webseite)<\/li>\n\n\n\n<li>IP-Adresse<\/li>\n\n\n\n<li>Name der abgerufenen Datei<\/li>\n\n\n\n<li>\u00fcbertragene Datenmenge<\/li>\n\n\n\n<li>Meldung \u00fcber erfolgreichen Abruf<\/li>\n<\/ul>\n\n\n\n<h4 class=\"wp-block-heading\">Kommentare<\/h4>\n\n\n\n<p>Wenn Besucher Kommentare auf der Website schreiben, sammeln wir die Daten, die im Kommentar-Formular angezeigt werden, au\u00dferdem die IP-Adresse des Besuchers und den User-Agent-String (damit wird der Browser identifiziert), um die Erkennung von Spam zu unterst\u00fctzen.<\/p>\n\n\n\n<p>Aus deiner E-Mail-Adresse kann eine anonymisierte Zeichenfolge erstellt (auch Hash genannt) und dem Gravatar-Dienst \u00fcbergeben werden, um zu pr\u00fcfen, ob du diesen benutzt. <\/p>\n\n\n\n<p>Die Datenschutzerkl\u00e4rung des Gravatar-Dienstes findest du hier: <\/p>\n\n\n\n<ul class=\"wp-block-list\">\n<li><a href=\"https:\/\/automattic.com\/privacy\">automattic.com\/privacy<\/a><\/li>\n<\/ul>\n\n\n\n<p>Nachdem dein Kommentar freigegeben wurde, ist dein Profilbild \u00f6ffentlich im Kontext deines Kommentars sichtbar.<\/p>\n\n\n\n<h4 class=\"wp-block-heading\">Medien<\/h4>\n\n\n\n<p>Wenn du ein registrierter Benutzer bist und Fotos auf diese Website l\u00e4dst, solltest du vermeiden, Fotos mit einem EXIF-GPS-Standort hochzuladen. Besucher dieser Website k\u00f6nnten Fotos, die auf dieser Website gespeichert sind, herunterladen und deren Standort-Informationen extrahieren.<\/p>\n\n\n\n<h4 class=\"wp-block-heading\">Cookies<\/h4>\n\n\n\n<p>Diese Website verwendet Cookies. Cookies sind kleine Textdateien, die beim Besuch der Website auf dem lokalen System dauerhaft oder tempor\u00e4r gespeichert werden. Der Zweck von Cookies ist haupts\u00e4chlich die Analyse der Nutzung von Webseiten zur statistischen Auswertung sowie zur kontinuierlichen Verbesserung. Cookies k\u00f6nnen jederzeit in den Einstellungen des Browsers ganz oder teilweise deaktiviert werden. Durch das Deaktivierten von Cookies stehen allenfalls nicht mehr alle Funktionen der Website zur Verf\u00fcgung. Je nach verwendetem Browser und Version kann hinterlegt werden, dass Cookies beim Schlie\u00dfen des Browserfensters automatisch gel\u00f6scht werden. <\/p>\n\n\n\n<p>Wenn du einen Kommentar auf unserer Website schreibst, kann das eine Einwilligung sein, deinen Namen, E-Mail-Adresse und Website in Cookies zu speichern. Dies ist eine Komfortfunktion, damit du nicht, wenn du einen weiteren Kommentar schreibst, all diese Daten erneut eingeben musst. Diese Cookies werden ein Jahr lang gespeichert.<\/p>\n\n\n\n<p>Falls du ein Konto hast und dich auf dieser Website anmeldest, werden wir ein tempor\u00e4res Cookie setzen, um festzustellen, ob dein Browser Cookies akzeptiert. Dieses Cookie enth\u00e4lt keine personenbezogenen Daten und wird verworfen, wenn du deinen Browser schlie\u00dft.<\/p>\n\n\n\n<p>Wenn du dich anmeldest, werden wir einige Cookies einrichten, um deine Anmeldeinformationen und Anzeigeoptionen zu speichern. Anmelde-Cookies verfallen nach zwei Tagen und Cookies f\u00fcr die Anzeigeoptionen nach einem Jahr. Falls du bei der Anmeldung \u201eAngemeldet bleiben\u201c ausw\u00e4hlst, wird deine Anmeldung zwei Wochen lang aufrechterhalten. Mit der Abmeldung aus deinem Konto werden die Anmelde-Cookies gel\u00f6scht.<\/p>\n\n\n\n<p>Wenn du einen Artikel bearbeitest oder ver\u00f6ffentlichst, wird ein zus\u00e4tzlicher Cookie in deinem Browser gespeichert. Dieser Cookie enth\u00e4lt keine personenbezogenen Daten und verweist nur auf die Beitrags-ID des Artikels, den du gerade bearbeitet hast. Der Cookie verf\u00e4llt nach einem Tag.<\/p>\n\n\n\n<h4 class=\"wp-block-heading\">Eingebettete Inhalte von anderen Websites<\/h4>\n\n\n\n<p>Beitr\u00e4ge auf dieser Website k\u00f6nnen eingebettete Inhalte beinhalten (z.&nbsp;B. Videos, Bilder, Beitr\u00e4ge etc.). Eingebettete Inhalte von anderen Websites verhalten sich exakt so, als ob der Besucher die andere Website besucht h\u00e4tte.<\/p>\n\n\n\n<p>Diese Webseiten k\u00f6nnen Daten \u00fcber dich sammeln, Cookies benutzen, zus\u00e4tzliche Tracking-Dienste von Dritten einbetten und deine Interaktion mit diesem eingebetteten Inhalt aufzeichnen, inklusive deiner Interaktion mit dem eingebetteten Inhalt, falls du ein Konto hast und auf dieser Website angemeldet bist.<\/p>\n\n\n\n<h4 class=\"wp-block-heading\">Link&#8217;s zu anderen Websites<\/h4>\n\n\n\n<p>F\u00fcr s\u00e4mtliche auf unserer Website enthaltenen Link&#8217;s zu fremden Webseiten, lehnen wir jegliche Haftung ab.  Das \u00d6ffnen, Anklicken und Nutzen dieser externen Webseiten erfolgt auf eigenes Risiko und liegt au\u00dferhalb unseres Verantwortungsbereich.  <\/p>\n\n\n\n<h4 class=\"wp-block-heading\">Mit wem wir deine Daten teilen<\/h4>\n\n\n\n<p>F\u00fcr Benutzer die sich auf unserer Website registriert haben und eine Zur\u00fccksetzung des Passworts beantragen, wird die IP-Adresse in der E-Mail zur Zur\u00fccksetzung enthalten sein.<\/p>\n\n\n\n<h4 class=\"wp-block-heading\">Bekanntgabe von Daten ins Ausland<\/h4>\n\n\n\n<p>Um den Funktionsumfang unserer Webseite gew\u00e4hrleisten zu k\u00f6nnen, werden Plugins verwendet. Durch die Nutzung unserer Website haben Hersteller und Anbieter dieser Plugins die M\u00f6glichkeit gewisse Daten einzusehen. Wir weisen darauf hin, dass dabei eine \u00dcbermittlung der Daten ins Ausland, unteranderem auch an Staaten die die DSG gem. EU Recht nicht einhalten, stattfinden kann.<\/p>\n\n\n\n<h4 class=\"wp-block-heading\">Wie lange wir deine Daten speichern<\/h4>\n\n\n\n<p>Wenn du einen Kommentar schreibst, wird dieser inklusive Metadaten zeitlich unbegrenzt gespeichert. Auf diese Art k\u00f6nnen wir Folgekommentare automatisch erkennen und freigeben, anstatt sie in einer Moderations-Warteschlange festzuhalten.<\/p>\n\n\n\n<p>F\u00fcr Benutzer, die sich auf unserer Website registrieren, speichern wir zus\u00e4tzlich die pers\u00f6nlichen Informationen, die sie in ihren Benutzerprofilen angeben. Alle Benutzer k\u00f6nnen jederzeit ihre pers\u00f6nlichen Informationen einsehen, ver\u00e4ndern oder l\u00f6schen (der Benutzername kann nicht ver\u00e4ndert werden). Administratoren der Website k\u00f6nnen diese Informationen ebenfalls einsehen und ver\u00e4ndern.<\/p>\n\n\n\n<h4 class=\"wp-block-heading\">Welche Rechte du an deinen Daten hast<\/h4>\n\n\n\n<p>Wenn du ein Konto auf dieser Website besitzt oder Kommentare geschrieben hast, kannst du einen Export deiner personenbezogenen Daten bei uns anfordern, inklusive aller Daten, die du uns mitgeteilt hast. Dar\u00fcber hinaus kannst du die L\u00f6schung aller personenbezogenen Daten, die wir von dir gespeichert haben, anfordern. Dies umfasst nicht die Daten, die wir aufgrund administrativer, rechtlicher oder sicherheitsrelevanter Notwendigkeiten aufbewahren m\u00fcssen.<\/p>\n\n\n\n<h4 class=\"wp-block-heading\">Wohin deine Daten gesendet werden<\/h4>\n\n\n\n<p>Besucher-Kommentare k\u00f6nnten von einem automatisierten Dienst zur Spam-Erkennung untersucht werden.<\/p>\n\n\n\n<h4 class=\"wp-block-heading\">Google Schriften<\/h4>\n\n\n\n<p>F\u00fcr die Schriften auf dieser Webseite verwenden wir ein Plugin das  auf die Google Font Bibliothek zugreift. Anbieter dieser Webfonts ist Google Inc. mit Hauptsitz in 1600 Amphitheatre Parkway in Mountain View, Kalifornien 94043, USA<\/p>\n\n\n\n<p>Informationen zu Google Fonts findest du unter:<\/p>\n\n\n\n<ul class=\"wp-block-list\">\n<li><a href=\"https:\/\/fonts.google.com\/\">fonts.google.com\/<\/a><\/li>\n\n\n\n<li><a href=\"https:\/\/policies.google.com\/privacy\">policies.google.com\/privacy<\/a><\/li>\n\n\n\n<li><a href=\"https:\/\/policies.google.com\/terms\">policies.google.com\/terms<\/a><\/li>\n<\/ul>\n\n\n\n<p>Die Web Fonts sind nicht lokal auf unserem Server gespeichert. Sie werden beim Aufrufen der jeweiligen Seite \u00fcber den Browser von einem Google Server heruntergeladen. Durch das Laden der Schriften werden Informationen an Google \u00fcbermittelt.<\/p>\n\n\n\n<h4 class=\"wp-block-heading\">Urheberrecht<\/h4>\n\n\n\n<p>Das Kopieren und Wiederverwenden von Fotos, Texten oder anderen Inhalten auf der Website von \u201etierarztpaxis-t\u00e4uffelen.ch\u201c inkl. Unterseiten resp. Subdomains ist ohne ausdr\u00fcckliche und schriftliche Erlaubnis von uns untersagt.<\/p>\n\n\n\n<h4 class=\"wp-block-heading\">Auskunft unter:<\/h4>\n\n\n\n<p>eMail: info[an]tierarzt-taeuffelen.ch<br>tel.: <a href=\"tel:+41323961150\">+41 32 396 11 50<\/a><\/p>\n\n\n\n<h4 class=\"wp-block-heading\">Anpassungen<\/h4>\n\n\n\n<p>Wir behalten uns das Recht vor, die vorliegende Datenschutzerkl\u00e4rung jederzeit nach Bedarf anzupassen.<br>Die auf unserer Website publizierte Fassung gilt jeweils als aktuelle Version.<\/p>\n","protected":false},"excerpt":{"rendered":"<p>Inhaltsverantwortung Die Inhaltsverantwortung f\u00fcr die Erhebung, Verarbeitung und Nutzung Deiner personenbezogenen Daten auf der Website von \u201etierarzt-taeuffelen.ch\u201c liegt bei: Tierarztparxis T\u00e4uffelenBurrirain 252575 T\u00e4uffelen E-Mail:&nbsp;info[an]tierarzt-taeuffelen.ch Tel.: +41 32 396 11 50 Sofern Du der Erhebung, Verarbeitung oder Nutzung Deiner Daten durch uns nach Massgabe dieser Datenschutzbestimmungen insgesamt oder f\u00fcr einzelne Massnahmen widersprechen willst, kannst Du Deinen [&hellip;]<\/p>\n","protected":false},"author":1,"featured_media":0,"parent":0,"menu_order":0,"comment_status":"closed","ping_status":"closed","template":"templates\/template-full-width.php","meta":{"footnotes":""},"class_list":["post-3","page","type-page","status-publish","hentry"],"_links":{"self":[{"href":"https:\/\/seeland-vet.ch\/index.php?rest_route=\/wp\/v2\/pages\/3","targetHints":{"allow":["GET"]}}],"collection":[{"href":"https:\/\/seeland-vet.ch\/index.php?rest_route=\/wp\/v2\/pages"}],"about":[{"href":"https:\/\/seeland-vet.ch\/index.php?rest_route=\/wp\/v2\/types\/page"}],"author":[{"embeddable":true,"href":"https:\/\/seeland-vet.ch\/index.php?rest_route=\/wp\/v2\/users\/1"}],"replies":[{"embeddable":true,"href":"https:\/\/seeland-vet.ch\/index.php?rest_route=%2Fwp%2Fv2%2Fcomments&post=3"}],"version-history":[{"count":16,"href":"https:\/\/seeland-vet.ch\/index.php?rest_route=\/wp\/v2\/pages\/3\/revisions"}],"predecessor-version":[{"id":530,"href":"https:\/\/seeland-vet.ch\/index.php?rest_route=\/wp\/v2\/pages\/3\/revisions\/530"}],"wp:attachment":[{"href":"https:\/\/seeland-vet.ch\/index.php?rest_route=%2Fwp%2Fv2%2Fmedia&parent=3"}],"curies":[{"name":"wp","href":"https:\/\/api.w.org\/{rel}","templated":true}]}}