{"id":597,"date":"2023-12-26T22:54:25","date_gmt":"2023-12-26T21:54:25","guid":{"rendered":"https:\/\/seeland-vet.ch\/?page_id=597"},"modified":"2023-12-26T23:39:38","modified_gmt":"2023-12-26T22:39:38","slug":"beitraege","status":"publish","type":"page","link":"https:\/\/seeland-vet.ch\/?page_id=597","title":{"rendered":"Beitr\u00e4ge"},"content":{"rendered":"\n<div class=\"wp-block-query is-layout-flow wp-block-query-is-layout-flow\"><ul class=\"wp-block-post-template is-layout-flow wp-block-post-template-is-layout-flow\"><li class=\"wp-block-post post-641 post type-post status-publish format-standard has-post-thumbnail hentry category-pferde\">\n<h2 style=\"color:#0a4b60;\" class=\"has-link-color wp-elements-7b74cd1064d681d720ff3e47f91cdcd5 wp-block-post-title has-text-color\"><a href=\"https:\/\/seeland-vet.ch\/?p=641\" target=\"_self\" >Praxis\u00fcbernahme<\/a><\/h2>\n\n<figure style=\"height:200px;\" class=\"alignwide wp-block-post-featured-image\"><a href=\"https:\/\/seeland-vet.ch\/?p=641\" target=\"_self\"  style=\"height:200px\"><img loading=\"lazy\" decoding=\"async\" width=\"275\" height=\"274\" src=\"https:\/\/seeland-vet.ch\/wp-content\/uploads\/2023\/12\/Uebergabe.png\" class=\"attachment-post-thumbnail size-post-thumbnail wp-post-image\" alt=\"Praxis\u00fcbernahme\" style=\"height:200px;object-fit:contain;\" srcset=\"https:\/\/seeland-vet.ch\/wp-content\/uploads\/2023\/12\/Uebergabe.png 275w, https:\/\/seeland-vet.ch\/wp-content\/uploads\/2023\/12\/Uebergabe-150x150.png 150w\" sizes=\"auto, (max-width: 275px) 100vw, 275px\" \/><\/a><\/figure>\n\n<div class=\"wp-block-post-excerpt\"><p class=\"wp-block-post-excerpt__excerpt\">Die Tierarztpraxis Dr. Adrian Schottwird zur Grosstierpraxis SeelandVet AG Liebe B\u00e4uerinnen und Bauern, liebe Pferdebesitzerinnen, Pony- und Eselfreunde, liebe Schafhalter- und Ziegenliebhaberinnen Mit gro\u00dfer Freude m\u00f6chte ich Euch verk\u00fcnden, dass ich per 1.1.2024 die Grosstierpraxis von Adrian Schott \u00fcbernehmen werde. Ich m\u00f6chte mich an dieser Stelle ganz herzlich bei Adi bedanken. Einerseits f\u00fcr die gute&hellip; <\/p><\/div>\n\n\n<hr class=\"wp-block-separator has-css-opacity\"\/>\n\n\n<div class=\"wp-block-post-date\"><time datetime=\"2023-12-26T23:55:00+01:00\">26. Dezember 2023<\/time><\/div>\n<\/li><li class=\"wp-block-post post-587 post type-post status-publish format-standard has-post-thumbnail hentry category-pferde\">\n<h2 style=\"color:#0a4b60;\" class=\"has-link-color wp-elements-7b74cd1064d681d720ff3e47f91cdcd5 wp-block-post-title has-text-color\"><a href=\"https:\/\/seeland-vet.ch\/?p=587\" target=\"_self\" >Besuch anmelden<\/a><\/h2>\n\n<figure style=\"height:200px;\" class=\"alignwide wp-block-post-featured-image\"><a href=\"https:\/\/seeland-vet.ch\/?p=587\" target=\"_self\"  style=\"height:200px\"><img loading=\"lazy\" decoding=\"async\" width=\"274\" height=\"274\" src=\"https:\/\/seeland-vet.ch\/wp-content\/uploads\/2023\/12\/Anmeldung.svg_.png\" class=\"attachment-post-thumbnail size-post-thumbnail wp-post-image\" alt=\"Besuch anmelden\" style=\"height:200px;object-fit:contain;\" srcset=\"https:\/\/seeland-vet.ch\/wp-content\/uploads\/2023\/12\/Anmeldung.svg_.png 274w, https:\/\/seeland-vet.ch\/wp-content\/uploads\/2023\/12\/Anmeldung.svg_-150x150.png 150w\" sizes=\"auto, (max-width: 274px) 100vw, 274px\" \/><\/a><\/figure>\n\n<div class=\"wp-block-post-excerpt\"><p class=\"wp-block-post-excerpt__excerpt\">Wir sind stets bem\u00fcht, euren W\u00fcnschen und Bed\u00fcrfnissen bestm\u00f6glich gerecht zu werden.In Zeiten wie jetzt, wo Fachkr\u00e4ftemangel leider auch vor unserer Branche nicht Halt macht, sind wir mehr denn je darauf angewiesen, dass wir unsere Tour sinnvoll und speditiv planen k\u00f6nnen. Bitte meldet uns die Besuche zeitig, d.h. morgens zwischen 7.00 und 8.00 Uhrmittags zwischen&hellip; <\/p><\/div>\n\n\n<hr class=\"wp-block-separator has-css-opacity\"\/>\n\n\n<div class=\"wp-block-post-date\"><time datetime=\"2023-12-26T22:32:18+01:00\">26. Dezember 2023<\/time><\/div>\n<\/li><li class=\"wp-block-post post-40 post type-post status-publish format-standard has-post-thumbnail hentry category-pferde\">\n<h2 style=\"color:#0a4b60;\" class=\"has-link-color wp-elements-7b74cd1064d681d720ff3e47f91cdcd5 wp-block-post-title has-text-color\"><a href=\"https:\/\/seeland-vet.ch\/?p=40\" target=\"_self\" >Zahnbehandlung beim Pferd \/ Pony \/ Esel<\/a><\/h2>\n\n<figure style=\"height:200px;\" class=\"alignwide wp-block-post-featured-image\"><a href=\"https:\/\/seeland-vet.ch\/?p=40\" target=\"_self\"  style=\"height:200px\"><img loading=\"lazy\" decoding=\"async\" width=\"481\" height=\"321\" src=\"https:\/\/seeland-vet.ch\/wp-content\/uploads\/2023\/07\/Zahnbehandlung-Pferd-3.jpg\" class=\"attachment-post-thumbnail size-post-thumbnail wp-post-image\" alt=\"Zahnbehandlung beim Pferd \/ Pony \/ Esel\" style=\"height:200px;object-fit:contain;\" srcset=\"https:\/\/seeland-vet.ch\/wp-content\/uploads\/2023\/07\/Zahnbehandlung-Pferd-3.jpg 481w, https:\/\/seeland-vet.ch\/wp-content\/uploads\/2023\/07\/Zahnbehandlung-Pferd-3-300x200.jpg 300w\" sizes=\"auto, (max-width: 481px) 100vw, 481px\" \/><\/a><\/figure>\n\n<div class=\"wp-block-post-excerpt\"><p class=\"wp-block-post-excerpt__excerpt\">Durch die Domestikation der Pferde hat sich deren Fressverhalten grundlegend ver\u00e4ndert.&nbsp;Die&nbsp;Pferde&nbsp;verbringen&nbsp;nicht&nbsp;mehr&nbsp;den ganzen&nbsp;Tag&nbsp;damit,&nbsp;grobst\u00e4nglige&nbsp;Gr\u00e4ser&nbsp;zu&nbsp;kauen.&nbsp;Dadurch&nbsp;werdendie&nbsp;Backenz\u00e4hne,&nbsp;die&nbsp;zeitlebens&nbsp;nachgeschoben werden, unzureichend abgerieben. So entstehen&nbsp; messerscharfe&nbsp;Spitzen&nbsp;und&nbsp;Kanten,&nbsp;die zu Verletzungen&nbsp;der&nbsp;Backenschleimhaut&nbsp;oder&nbsp;Zunge&nbsp;f\u00fchren&nbsp;und das Pferd beim Fressen behindern k\u00f6nnen. In letzter Zeit hat sich die Pferdezahnmedizin stark ver\u00e4ndert. W\u00e4hrend fr\u00fcher den Pferden von Zeit zu Zeit die erw\u00e4hnten Zahnspitzen&nbsp;und&nbsp;scharfen Kanten mit&nbsp;der&nbsp;Handraspel&nbsp;entfernt&nbsp;wurden,&nbsp;m\u00f6chte man heute&nbsp;das Pferdegebiss so optimieren,&nbsp;dass&nbsp;die&nbsp;Pferde&nbsp;bis&nbsp;ins&nbsp;hohe&nbsp;Alter&nbsp;m\u00f6glichst&nbsp;ohne&nbsp;Probleme&nbsp;fressen&nbsp;k\u00f6nnen.&nbsp;Dabei&nbsp;ist&nbsp;man&nbsp;bestrebt,&nbsp;die&nbsp;Kaufl\u00e4chen&nbsp;in&nbsp;einen&nbsp;m\u00f6glichst&nbsp;idealen&nbsp;Zustand&nbsp;zu bringen und&hellip; <\/p><\/div>\n\n\n<hr class=\"wp-block-separator has-css-opacity\"\/>\n\n\n<div class=\"wp-block-post-date\"><time datetime=\"2023-06-12T10:25:08+02:00\">12. Juni 2023<\/time><\/div>\n<\/li><\/ul><\/div>\n","protected":false},"excerpt":{"rendered":"","protected":false},"author":1,"featured_media":0,"parent":0,"menu_order":0,"comment_status":"closed","ping_status":"closed","template":"templates\/template-full-width.php","meta":{"footnotes":""},"class_list":["post-597","page","type-page","status-publish","hentry"],"_links":{"self":[{"href":"https:\/\/seeland-vet.ch\/index.php?rest_route=\/wp\/v2\/pages\/597","targetHints":{"allow":["GET"]}}],"collection":[{"href":"https:\/\/seeland-vet.ch\/index.php?rest_route=\/wp\/v2\/pages"}],"about":[{"href":"https:\/\/seeland-vet.ch\/index.php?rest_route=\/wp\/v2\/types\/page"}],"author":[{"embeddable":true,"href":"https:\/\/seeland-vet.ch\/index.php?rest_route=\/wp\/v2\/users\/1"}],"replies":[{"embeddable":true,"href":"https:\/\/seeland-vet.ch\/index.php?rest_route=%2Fwp%2Fv2%2Fcomments&post=597"}],"version-history":[{"count":3,"href":"https:\/\/seeland-vet.ch\/index.php?rest_route=\/wp\/v2\/pages\/597\/revisions"}],"predecessor-version":[{"id":640,"href":"https:\/\/seeland-vet.ch\/index.php?rest_route=\/wp\/v2\/pages\/597\/revisions\/640"}],"wp:attachment":[{"href":"https:\/\/seeland-vet.ch\/index.php?rest_route=%2Fwp%2Fv2%2Fmedia&parent=597"}],"curies":[{"name":"wp","href":"https:\/\/api.w.org\/{rel}","templated":true}]}}